ose 2*l + l = 3*j - 216, 4*l = 16. Suppose 2*n + 4*b + j = 0, 262 = -5*n + b + 105. Let w = 67 + n. Calculate the remainder when w is divided by 9.
8
Let s be 5/(-3)*(-84)/70. Calculate the remainder when (-8)/12*(-45)/s is divided by 3.
0
Let z(p) = 78*p**2 - 490*p + 986. What is the remainder when 350 is divided by z(2)?
32
Let z be 4 + (21/(-7) - -51). Suppose -z = -2*j + 2*t, 17*t + 34 = 2*j + 21*t. What is the remainder when 66 is divided by j?
20
Calculate the remainder when (-2 - -27) + -14 - -770 is divided by 17.
16
What is the remainder when 17 + -1 + -4 + 109 + -2 is divided by 33?
20
Suppose 0 = -397*a + 390*a + 84. Suppose -2*l = 2*l + 12, 4*j - 3*l = 221. Calculate the remainder when j is divided by a.
5
Let n = 404 + 34. What is the remainder when n is divided by 16?
6
Let i(o) = o**3 + 3*o**2 + 14*o - 4. Let g be i(-5). Let q = -90 - g. What is the remainder when 55 is divided by q?
21
Let r = -9 + 72. Suppose -2*g - 4*c = -39 - 25, r = 3*g - 5*c. Suppose g*l = 30*l - 108. Calculate the remainder when 105 is divided by l.
24
Let r = -157 + 170. Suppose r*h - 602 = -h. Calculate the remainder when h is divided by 11.
10
Let l be (144/(-42))/(5/(-350)). Suppose -4*h + l = 2*q, q - 4*h - 200 = -q. What is the remainder when q is divided by 57?
53
Calculate the remainder when ((-5)/(-35) - (59880/(-35) - 4)) + -3 is divided by 420.
32
Let v = -2006 - -2312. What is the remainder when v is divided by 293?
13
Suppose 909*r - 93123 = 882*r. What is the remainder when r is divided by 10?
9
Suppose -34 = -3*t + 56. Suppose t = 2*m + 146. Let x = 63 + m. What is the remainder when 8 is divided by x?
3
Suppose -2*x + 16 = -2*k, 0*k + 3*k + x + 28 = 0. Let y(l) = -185*l**2 - 1. Let s be y(1). Calculate the remainder when 40 is divided by ((-12)/(-9))/4 + s/k.
19
Let o = 56 + -103. Let y = -28 - o. Calculate the remainder when y is divided by -2*(-9)/(-24) + 31/4.
5
Suppose 3*z = -z + 612. Let d be (-2307)/(-24) + 4/(-128)*4. Suppose 0 = s + 85 - d. Calculate the remainder when z is divided by s.
10
Suppose p - 421 = -k - 3*k, 0 = -4*k - 4*p + 424. Let g be (-5)/(-21 - -1) - (-271)/4. Let l = -40 + g. What is the remainder when k is divided by l?
21
Suppose -22*w + 10*w - 3120 = 0. Let f = w - -280. What is the remainder when 138 is divided by f?
18
Suppose -5*k + 6*k = -4*k. Suppose k*s - 2*s = -10, 0 = -2*d + 5*s + 183. Calculate the remainder when d is divided by 7.
6
Suppose -2*n + 28 = -12. Suppose -42 = -2*l + 4*u, -2*l + 3*l + 7 = -5*u. Suppose 135 - 1110 = -l*c. Calculate the remainder when c is divided by n.
15
Suppose -11*l + 596495 + 111267 = 0. Calculate the remainder when 2/3 + (-253)/(-3) is divided by l/2226 - (-4)/42.
27
Let u = 36 - 102. Let l = 97 - u. What is the remainder when l is divided by 41?
40
Let d be (-2)/(-7) + (-165)/(-35). Let p = -508 - -510. Suppose -3*n = -15, -2*x - p*n + 79 = -d*n. What is the remainder when x is divided by 25?
22
Let i(s) = 6*s**2 - 164*s + 160. What is the remainder when i(28) is divided by 22?
8
Suppose 14*z + 6*z + 23*z - 19264 = 0. Calculate the remainder when 1891 is divided by z.
99
Let b = -5635 + 5736. What is the remainder when b is divided by 34?
33
Let b(h) be the third derivative of -h**5/60 + 5*h**3 - 4*h**2. Suppose 121*o + 6003 = 190*o. Calculate the remainder when o is divided by b(0).
27
Let r(l) = l**2 + 71*l + 1569. Calculate the remainder when r(-32) is divided by 65.
61
Let v(f) = 55*f - 1252. Suppose -2*d - 370 = -4*a, -3*d + 9 + 66 = a. Suppose 3*b = -0*b + a. What is the remainder when b is divided by v(23)?
4
Suppose a - 45 = 50. Suppose 5*q + 10 = a. Let h(c) = 3*c**2 + 9*c - 4. Calculate the remainder when h(5) is divided by q.
14
Let s(c) be the first derivative of -c**4/4 - 2*c**3/3 + 13*c**2/2 + 34*c + 24. What is the remainder when 11 is divided by s(-3)?
3
Let g = 5768 - 5735. Let k = 0 - -4. What is the remainder when g is divided by k?
1
What is the remainder when 831 + 18*(-13 + 12) is divided by 402?
9
Let y be 80/6 + -3 + 2/3. Suppose 3*b + y - 14 = 0. Calculate the remainder when b is divided by 1.
0
Suppose -8 = -3*r - 2*f, 4*r = 3*f + 36 - 14. Suppose 3*d - 4 = -d - 2*u, -4*d + 5*u = -r. Calculate the remainder when 1 is divided by d.
0
Let u(g) be the first derivative of 2*g**3/3 - 9*g**2/2 + 18*g - 40. What is the remainder when 40 is divided by u(4)?
12
Let v = -300 - 34. Let k = 354 + v. Let t = 168 + -51. What is the remainder when t is divided by k?
17
Suppose -2021*y - 577*y + 431268 = 0. Suppose 0 = -2*i + 49 + 49. What is the remainder when y is divided by i?
19
Suppose 0*z = 4*z - 56. Let y(b) = b**2 + 13*b + 27. Let h be y(-8). Calculate the remainder when (-78)/15*(h - 2)/3 is divided by z.
12
Let j(m) = 10*m**2 + 173*m + 63. Calculate the remainder when 1082 is divided by j(-17).
2
Suppose -23410 - 20568 = -92*j - 6626. What is the remainder when j is divided by 401?
5
Let c(w) = w**3 - 13*w**2 - w + 24. Let m be c(13). Suppose m*p = 1411 + 2164. Suppose p = 5*a + 155. What is the remainder when 135 is divided by a?
33
Let k(z) = -6*z - 1. Suppose 0 = -4*p - a + 12, -4*p + 0*a + 16 = 2*a. What is the remainder when (-3)/(-6) - (57/(-6) - p) is divided by k(-1)?
2
Suppose -3*o - 309 = -4*w + 733, 0 = -4*w + 16. Let u = -242 - o. Calculate the remainder when u is divided by 26.
22
Suppose 5*s - 6338 = n - 8677, -s = 3*n - 7145. What is the remainder when n is divided by 7?
6
Suppose -g - 2 + 5 = 0. Let p(w) = -w**2 + w - 8. Let y be p(g). Let a = 37 - y. What is the remainder when a is divided by 26?
25
What is the remainder when 15/10 + (-950)/(-4) is divided by (-29)/((-2175)/(-10)) - ((-272)/15 + -4)?
19
Suppose i = 8 + 35. What is the remainder when i is divided by (-1)/(-2)*(10080/(-21))/(-16)?
13
Suppose q - 2*q = 2*u, 2*q + 10 = u. Suppose -r = 3*r + 16, 2*z - 92 = 3*r. What is the remainder when 0 - -2 - 464/q is divided by z?
38
Suppose 3*u = -3*v + 21, 3 = -2*v + 5. Suppose u*t - 558 = -12*t. What is the remainder when t is divided by 15?
1
Suppose 0 = -3*j + 2*k + 19, k + 0 = -j + 3. What is the remainder when -1 - (3 - j) - (-148 + -3) is divided by 33?
20
Let g(z) = 38*z + 29. Let w be g(8). Let c = w + -230. Let t = 211 - c. What is the remainder when t is divided by 10?
8
Suppose 89*u + 347 = 614. What is the remainder when 38 is divided by u?
2
Let j be (-2 + -1 + 1)*1. Let a = 560 - 558. What is the remainder when j/(-3)*(-30)/(-4) is divided by a?
1
Let m = 3889 + -3670. What is the remainder when 442 is divided by m?
4
Suppose -4*z = -5*w + 570, -4*w + 5*z - 6*z + 477 = 0. Let l = w - 113. What is the remainder when 93 is divided by l?
3
Let v(b) = b**3 - 10*b**2 - b + 8. Let z be v(10). Calculate the remainder when 43 is divided by (-1058)/(-69) - z/3.
11
Let a(r) = r**3 + 16*r**2 - 23*r - 20. Let k be a(-17). Let y = -59 + k. Calculate the remainder when 3/(0 - (-1)/y) is divided by 9.
6
Let m = 2727 - 720. What is the remainder when m is divided by 95?
12
Suppose -9*m + 2*m + 133 = 0. Let a = 1028 + -1021. What is the remainder when m is divided by a?
5
What is the remainder when 1/(8/1344) - (3 - 2) is divided by 13?
11
Let w(b) = b**2 - 4*b + 1. Let j be (-712)/(6 - (5 - 1)). Let t = 393 + j. What is the remainder when t is divided by w(6)?
11
Suppose 242 = 5*t - n, 226 = 5*t + n - 12. Suppose -3*h = -4*o + t, -h = -5*o + 36 + 13. Calculate the remainder when 205 is divided by o.
7
Suppose 0 = -34*m + 9401 + 1294 + 2905. Calculate the remainder when m is divided by 129.
13
Let s(b) = -54*b + 2538. What is the remainder when s(-7) is divided by 40?
36
Suppose 0 = 4*p + 5*v - 4042, 4*v - 3007 - 25 = -3*p. What is the remainder when p is divided by 241?
44
Let c be 243/30 - 2/20. Calculate the remainder when (3 - (9 - c)) + (0 - -20) is divided by 12.
10
Let q = -20328 - -20337. Calculate the remainder when 602 is divided by q.
8
Suppose 0*g = 3*g + 213. Let v = -35 - g. Suppose 2*j + 5*m - 3*m - 286 = 0, 0 = m. What is the remainder when j is divided by v?
35
Let b be (6/(-8))/((-6)/(-16)). Let f be (68/119)/(b/(-7)). Suppose f*x = 4*x - 250. Calculate the remainder when x is divided by 21.
20
Let s be (-39530)/130 + (-4)/(-52). Let q = s - -703. What is the remainder when q is divided by 128?
15
Suppose 61*i -